 + 0?
2579
In base 3, what is -1021120100 - -1120?
-1021111210
In base 4, what is 3 - 11003023311?
-11003023302
In base 14, what is -4 - -265c?
2658
In base 16, what is 4 - -7eb8?
7ebc
In base 10, what is 69155 - -3?
69158
In base 12, what is 84a91 - 2?
84a8b
In base 11, what is 265 + 1111?
1376
In base 4, what is -22 - -223021?
222333
In base 3, what is -2 + 11020112?
11020110
In base 10, what is -1 + 100914?
100913
In base 4, what is 1213 - -12131123?
12133002
In base 14, what is -8255 + -7?
-825c
In base 16, what is -120 + 3c?
-e4
In base 14, what is 681b10 - 4?
681b0a
In base 9, what is 4 - 217052?
-217047
In base 16, what is 57e - -2a?
5a8
In base 13, what is -3497 + 6b?
-3429
In base 15, what is -6770 + -11?
-6781
In base 4, what is -23 - 132101023?
-132101112
In base 14, what is 6 - 698db?
-698d5
In base 6, what is -10 + 24510?
24500
In base 11, what is 25 - 3035?
-3010
In base 12, what is 4 - 38320?
-38318
In base 10, what is -23419 - 13?
-23432
In base 11, what is a33 + a5?
1028
In base 2, what is 10 - 10110000000101001?
-10110000000100111
In base 11, what is 1 + 248877?
248878
In base 11, what is 34 + -15a7?
-1573
In base 7, what is 145201 + 0?
145201
In base 3, what is -12 - -11210211120?
11210211101
In base 7, what is -3 + 465?
462
In base 16, what is aeb + 11f?
c0a
In base 4, what is -3 - -1020231?
1020222
In base 9, what is 45 - -1153?
1208
In base 16, what is 0 + -244b?
-244b
In base 6, what is -1340525 + -13?
-1340542
In base 8, what is -1227462 - 5?
-1227467
In base 5, what is 11 + -223140?
-223124
In base 6, what is 101233 - 100?
101133
In base 2, what is -111010000101 + 11010?
-111001101011
In base 7, what is 1631623 + -4?
1631616
In base 3, what is 202012 - -122202?
1101221
In base 2, what is 10010110 - -101001100?
111100010
In base 11, what is 97 - 682?
-596
In base 9, what is -12 + 35402?
35380
In base 5, what is 301134 - 10?
301124
In base 11, what is 0 - -99819?
99819
In base 5, what is 1004 - 140242?
-134233
In base 15, what is 36 + -cc?
-96
In base 15, what is -3 + 2769?
2766
In base 11, what is 132 + -18?
115
In base 7, what is -345234 + -132?
-345366
In base 13, what is 726 + a?
733
In base 9, what is 12844 + 24?
12868
In base 15, what is -1a - 10ab?
-10c6
In base 16, what is 15 + 50a1?
50b6
In base 12, what is 1762 + 35b?
1b01
In base 13, what is -8678 + 4?
-8674
In base 3, what is 2 + 2110010210002?
2110010210011
In base 8, what is -3 + 25122?
25117
In base 8, what is 3 + -1425?
-1422
In base 6, what is -22102142 + -3?
-22102145
In base 6, what is -23 - 3221?
-3244
In base 4, what is 0 + -2230122?
-2230122
In base 7, what is 12035 + 146?
12214
In base 7, what is -11022 - -30?
-10662
In base 6, what is -123 + -1302?
-1425
In base 5, what is -402303 + 14?
-402234
In base 3, what is -211001 + 201122?
-2102
In base 3, what is 22 + -21001201?
-21001102
In base 7, what is -44043 + -652?
-45025
In base 15, what is -1e05 - -3?
-1e02
In base 10, what is 41 - -454?
495
In base 16, what is -83 - 108?
-18b
In base 6, what is -1 - -50505403?
50505402
In base 3, what is -2 - -112000100212?
112000100210
In base 4, what is -130 - 203230?
-210020
In base 10, what is 28731 + 25?
28756
In base 6, what is -2314 + 2?
-2312
In base 8, what is -1 + 137531?
137530
In base 8, what is -74 + 23?
-51
In base 14, what is -170374 + 3?
-170371
In base 7, what is -14553 + 3?
-14550
In base 11, what is -5 + -163145?
-16314a
In base 15, what is 10c82 + 1b?
10c9d
In base 15, what is -252 - -246?
-b
In base 16, what is -4 + -311d?
-3121
In base 11, what is -21862 + 23?
-2183a
In base 10, what is 170668 - -1?
170669
In base 9, what is -783 - -660?
-123
In base 11, what is -5833 + 5?
-5829
In base 11, what is 13 - -3332?
3345
In base 13, what is -96b96 + 2?
-96b94
In base 6, what is 1252240 + 1?
1252241
In base 7, what is -1 + 21112?
21111
In base 4, what is -1 - 301100003?
-301100010
In base 16, what is 148b - 0?
148b
In base 10, what is -110 + 2694?
2584
In base 12, what is 0 + 20a00?
20a00
In base 6, what is -11 - 1440510?
-1440521
In base 12, what is b3 - 222?
-12b
In base 9, what is 22 - 1404?
-1372
In base 9, what is 8556 + 4?
8561
In base 12, what is -2473 - 26?
-2499
In base 4, what is -11 + 212112?
212101
In base 11, what is -1 - -1792?
1791
In base 7, what is -2 - -2653612?
2653610
In base 13, what is 49a980 - -1?
49a981
In base 2, what is -11001010111 + 10?
-11001010101
In base 15, what is 8 - -13ea?
1403
In base 11, what is -6 + 185743?
185738
In base 11, what is -aa + 95a?
860
In base 3, what is -1 - -1000122011121?
1000122011120
In base 9, what is 6 - -221524?
221531
In base 5, what is -32 + 1042?
1010
In base 4, what is 0 - -2000201?
2000201
In base 11, what is 1209aa + -11?
120999
In base 13, what is 8 - 9761?
-9756
In base 2, what is -11100100 - 1000101101010?
-1001001001110
In base 5, what is -20023230 + 10?
-20023220
In base 11, what is -12 - 17806?
-17818
In base 15, what is -3c3d + -30?
-3c6d
In base 6, what is 20241 + -2044?
14153
In base 16, what is 5cac - 11?
5c9b
In base 4, what is 11 + -10121302?
-10121231
In base 12, what is -18 + 16122?
16106
In base 7, what is -61 - 1036365?
-1036456
In base 14, what is 98cb2 + -3?
98cad
In base 10, what is 291 + 185?
476
In base 12, what is -4 + 84738?
84734
In base 16, what is -17 + 167d?
1666
In base 3, what is 102222000 + 2?
102222002
In base 12, what is 486 + 1021?
14a7
In base 11, what is -1356 + 37?
-131a
In base 12, what is 353 + -3b?
314
In base 5, what is -22211143 - -4?
-22211134
In base 6, what is 1412 - 1035?
333
In base 8, what is 4 + -52144?
-52140
In base 2, what is -101111111 - 110000111110?
-110110111101
In base 8, what is -10 + 4546?
4536
In base 2, what is 100000101100001101000 + 100?
100000101100001101100
In base 15, what is a608 - 0?
a608
In base 8, what is 1631 + -23?
1606
In base 7, what is 311 + 1456?
2100
In base 4, what is -2110 + 211?
-1233
In base 7, what is 124531 - 240?
124261
In base 7, what is 104414 + -122?
104262
In base 3, what is -1020110010 + 2020?
-1020100220
In base 4, what is 13102 - -112033?
131201
In base 14, what is -3d81 - -4?
-3d7b
In base 16, what is 316 + -c74?
-95e
In base 4, what is 31312 - 203?
31103
In base 7, what is -316042 - -1?
-316041
In base 3, what is 11 + 2120000100010?
2120000100021
In base 10, what is 21229 + -2?
21227
In base 7, what is 130354 - 4?
130350
In base 2, what is -10111111 - -11110110000?
11011110001
In base 11, what is 3 + -55267?
-55264
In base 6, what is -43053 + 135?
-42514
In base 12, what is 5 - -5085?
508a
In base 12, what is 106b25 + -1?
106b24
In base 14, what is -86da - -2?
-86d8
In base 12, what is -2 - 6373?
-6375
In base 10, what is 0 - 3109?
-3109
In base 14, what is 4 + 2b642?
2b646
In base 8, what is 73111 - 2?
73107
In base 14, what is 282 + -52a?
-288
In base 6, what is -2120 + -133?
-2253
In base 8, what is -36 + -132?
-170
In base 10, what is 3 - -1349139?
1349142
In base 4, what is 21 - 30110303?
-30110222
In base 5, what is 340240402 - 0?
340240402
In base 8, what is 221347 - 27?
221320
In base 15, what is 1 + 17953?
17954
In base 7, what is 10 + 1640136?
1640146
In base 15, what is -1c153 + -15?
-1c168
In base 10, what is 1033 - -1444?
2477
In base 6, what is 4132 + -33?
4055
In base 9, what is 277 - -13116?
13404
In base 2, what is 1111000100010010000 - 100?
1111000100010001100
In base 10, what is 3 + -54581?
-54578
In base 16, what is e + -623?
-615
In base 15, what is a2c - 5d?
9be
In base 4, what is -33203 + 21232?
-11311
In base 11, what is 5 - -6778?
6782
In base 10, what is 1808 - 21?
1787
In base 11, what is 1 + -313?
-312
In base 5, what is 44 - 23131?
-23032
In base 14, what is a74c + -5?
a747
In base 13, what is -62 - c2?
-154
In base 7, what is 1521 - 133?
1355
In base 8, what is -3341 + -32?
-3373
In base 15, what is 8ab8 + -8a?
8a2d
In base 5, what is -301242 - 1131?
-302423
In base 3, what is 2102 - -1210120?
1212222
In base 6, what is -41245433 + -4?
-41245441
In base 14, what is b0 + bc?
18c
In base 16, what is 5235 + 2?
5237
In base 3, what is 222 + 1212222012?
1220000011
In base 13, what is 45 + 192?
207
In base 12, what is -3 - 3103?
-3106
In base 11, what is -4 + 8a93?
8a8a
In base 7, what is 3121 + 126?
3250
In base 5, what is -1 - -211404?
211403
In base 10, what is 